
What is the highest common divisor of 3977 and 97873?
97
What is the highest common factor of 17799 and 10121?
349
What is the highest common divisor of 34001 and 22?
11
What is the greatest common divisor of 1 and 23187?
1
What is the greatest common factor of 50944 and 128?
128
What is the highest common divisor of 330 and 528?
66
Calculate the greatest common divisor of 264585 and 1705.
155
What is the highest common divisor of 15 and 923320?
5
What is the greatest common divisor of 429 and 361608?
39
Calculate the highest common divisor of 11790482 and 913.
913
Calculate the greatest common divisor of 4030 and 86490.
310
Calculate the highest common divisor of 91 and 5811.
13
What is the highest common divisor of 166124 and 420?
28
What is the highest common divisor of 284704 and 651?
217
Calculate the greatest common factor of 671313 and 102.
51
Calculate the greatest common factor of 16062 and 6.
6
What is the highest common factor of 9200 and 1056850?
1150
Calculate the highest common divisor of 161903 and 808.
101
Calculate the greatest common factor of 42618 and 48.
6
What is the highest common divisor of 9433 and 2?
1
What is the highest common divisor of 3870 and 3655?
215
What is the highest common factor of 13120 and 27224?
328
Calculate the greatest common divisor of 17 and 218093.
17
What is the highest common factor of 207898 and 171?
19
Calculate the greatest common divisor of 1919 and 2001921.
101
What is the greatest common divisor of 10425 and 120?
15
Calculate the highest common factor of 589 and 3496.
19
What is the highest common divisor of 3490866 and 18?
18
Calculate the highest common divisor of 5760 and 11808.
288
What is the highest common factor of 3277 and 3051?
113
What is the greatest common factor of 4908 and 108?
12
What is the highest common factor of 679481 and 4?
1
What is the greatest common divisor of 80 and 2864090?
10
Calculate the greatest common divisor of 46689 and 5319.
591
Calculate the highest common divisor of 845 and 1040.
65
Calculate the highest common factor of 17589 and 132.
33
What is the greatest common divisor of 682266 and 78?
78
Calculate the greatest common divisor of 102 and 107253.
51
What is the highest common divisor of 189 and 20643?
21
Calculate the greatest common divisor of 49159 and 436.
109
What is the greatest common divisor of 4420 and 32?
4
Calculate the greatest common factor of 416152 and 24.
8
Calculate the greatest common divisor of 9550 and 23302.
382
Calculate the greatest common factor of 89117 and 203.
203
Calculate the greatest common divisor of 4819 and 9717.
79
What is the highest common factor of 342 and 90?
18
Calculate the greatest common divisor of 40668 and 1500.
12
What is the greatest common factor of 272 and 8464?
16
What is the greatest common divisor of 172 and 1622906?
86
Calculate the highest common factor of 81132 and 24.
12
Calculate the highest common divisor of 6 and 14667.
3
Calculate the greatest common divisor of 142 and 410806.
142
What is the highest common factor of 168 and 2682?
6
Calculate the greatest common factor of 5392 and 248.
8
Calculate the highest common factor of 491238 and 33.
33
Calculate the highest common factor of 432 and 92808.
72
Calculate the greatest common divisor of 2250982 and 41.
41
Calculate the highest common factor of 2024 and 17424.
88
Calculate the greatest common divisor of 11815 and 2805.
85
What is the highest common factor of 296140 and 187?
17
What is the highest common factor of 990 and 3718?
22
Calculate the highest common divisor of 775 and 4805.
155
Calculate the highest common factor of 782 and 75140.
34
Calculate the greatest common divisor of 1505350 and 55.
55
Calculate the highest common divisor of 48 and 226608.
48
What is the greatest common divisor of 269959 and 1996?
499
Calculate the highest common factor of 58314 and 102.
6
Calculate the highest common factor of 238 and 1006859.
119
What is the highest common factor of 47 and 463796?
47
Calculate the greatest common divisor of 578 and 7174.
34
What is the highest common divisor of 664 and 45982?
166
What is the greatest common divisor of 429 and 21779043?
429
What is the greatest common factor of 2190 and 67840?
10
What is the greatest common divisor of 366 and 4437201?
183
What is the highest common divisor of 76581 and 173736?
1143
What is the highest common factor of 2205277 and 53?
53
Calculate the highest common divisor of 53956 and 611.
47
Calculate the greatest common factor of 227328 and 1920.
384
What is the greatest common factor of 2950 and 26?
2
Calculate the greatest common factor of 936 and 6948.
36
What is the highest common factor of 24 and 10092?
12
Calculate the highest common divisor of 156915 and 240.
15
Calculate the highest common factor of 86471 and 253.
11
Calculate the highest common divisor of 212 and 12308614.
106
What is the greatest common factor of 10895849 and 31?
31
Calculate the highest common divisor of 89391 and 249.
249
Calculate the highest common divisor of 8 and 11220784.
8
Calculate the greatest common divisor of 98 and 2702.
14
Calculate the greatest common factor of 962 and 868205.
481
Calculate the greatest common divisor of 60 and 6816900.
60
What is the highest common divisor of 64746 and 7722?
594
What is the greatest common divisor of 185416 and 903?
301
Calculate the greatest common divisor of 188089 and 11.
11
What is the highest common divisor of 98 and 48461?
49
Calculate the highest common divisor of 4393 and 736.
23
Calculate the highest common factor of 296415 and 105.
105
Calculate the highest common factor of 663 and 8398.
221
Calculate the greatest common factor of 1258 and 7650527.
629
What is the highest common divisor of 6885 and 30?
15
What is the highest common factor of 128 and 11672?
8
What is the highest common factor of 1698 and 1236?
6
Calculate the greatest common divisor of 37 and 20831.
37
Calculate the highest common factor of 70 and 187495.
35
Calculate the highest common factor of 1062 and 1146.
6
Calculate the highest common factor of 1961 and 65349.
53
Calculate the highest common factor of 86 and 1143198.
86
What is the greatest common divisor of 807 and 231?
3
What is the greatest common divisor of 228 and 3276?
12
Calculate the greatest common factor of 792626 and 46.
46
Calculate the greatest common divisor of 4 and 85906.
2
What is the highest common factor of 13676 and 884?
52
Calculate the greatest common divisor of 88610 and 10.
10
Calculate the highest common divisor of 449256 and 96.
24
Calculate the greatest common divisor of 604195 and 745.
745
Calculate the highest common divisor of 26 and 570570.
26
Calculate the highest common factor of 80 and 157232.
16
What is the highest common divisor of 19397 and 323?
17
Calculate the highest common divisor of 170 and 1599462.
34
What is the highest common divisor of 4746 and 2730?
42
Calculate the highest common divisor of 204 and 79424.
68
Calculate the highest common factor of 16758 and 7434.
126
What is the highest common factor of 319 and 139171?
29
What is the greatest common divisor of 1243944 and 468?
468
What is the greatest common factor of 3189 and 57?
3
Calculate the highest common divisor of 1837665 and 360.
45
Calculate the highest common divisor of 216206 and 136.
34
What is the highest common divisor of 7 and 17269?
7
Calculate the greatest common factor of 646 and 136534.
38
Calculate the highest common factor of 263178 and 1206.
18
What is the highest common divisor of 6292 and 946?
22
Calculate the greatest common factor of 19431 and 5.
1
What is the greatest common divisor of 10710 and 6111?
63
Calculate the highest common factor of 22638 and 968.
22
Calculate the greatest common factor of 17955 and 7385.
35
Calculate the greatest common divisor of 70227 and 729.
243
What is the highest common divisor of 6350 and 30?
10
What is the highest common divisor of 434 and 54064?
62
Calculate the greatest common divisor of 1408 and 1362416.
176
What is the greatest common divisor of 21812 and 1957?
19
What is the greatest common factor of 1709719 and 2068?
517
What is the highest common factor of 1062 and 553302?
1062
Calculate the greatest common factor of 23465 and 390.
65
What is the highest co